{"id":7494,"date":"2019-12-03T11:20:24","date_gmt":"2019-12-03T11:20:24","guid":{"rendered":"https:\/\/blancadelatorre.com\/tienda\/nocturnal-camiseta-de-manga-corta-unisex\/"},"modified":"2021-01-31T01:24:55","modified_gmt":"2021-01-31T01:24:55","slug":"nocturnal-camiseta","status":"publish","type":"product","link":"https:\/\/blancadelatorre.com\/english\/tienda\/nocturnal-camiseta\/","title":{"rendered":"Nocturnal &#8211; Camiseta"},"content":{"rendered":"<p>&nbsp;<\/p>\n<p><strong>Caracter\u00edsticas:<\/strong><\/p>\n<p><span style=\"font-weight: 400;\">&#8211; Unisex.<\/span><\/p>\n<p><span style=\"font-weight: 400;\">&#8211; Impresi\u00f3n de alta durabilidad y muy detallista.<\/span><\/p>\n<p><span style=\"font-weight: 400;\">&#8211; La tela es 100% algod\u00f3n, de tacto suave y gran calidad.<\/span><\/p>\n<p><span style=\"font-weight: 400;\">&#8211; Pespunte doble en el cuello y las mangas, que le a\u00f1ade mayor consistencia.<\/span><\/p>\n<p><span style=\"font-weight: 400;\">&#8211; Tapacosturas reforzado en hombros y cuello.<\/span><\/p>\n<p><span style=\"font-weight: 400;\">&#8211; Ya est\u00e1 preencogida, as\u00ed que puedes lavarla con normalidad desde el primer d\u00eda.<\/span> <span style=\"font-weight: 400;\">\u00a0<\/span><\/p>\n<p>&nbsp;<\/p>\n<p><strong>Significado de la obra:<\/strong><\/p>\n<p><span style=\"font-weight: 400;\">T\u00edtulo: <\/span><span style=\"font-weight: 400;\">Nocturnal<\/span><\/p>\n<p>&nbsp;<\/p>\n<p><span style=\"font-weight: 400;\">Significado:<\/span><\/p>\n<p>En la escena vemos dos animales, un coyote y un cuervo, ambos representan el arquetipo del trickster,<br \/>\nel arquetipo del dios bromista, burl\u00f3n, el que enga\u00f1a al h\u00e9roe o al dios normativo, salt\u00e1ndose las reglas<br \/>\nestablecidas o convencionales, tiene que ver con el simbolismo del diablo. El cuervo, el coyote, la<br \/>\nserpiente, el conejo&#8230; Son animales vinculados a este tipo de mitos. Un famoso ejemplo de esta<br \/>\npersonalidad ser\u00eda el dios Loki de la mitolog\u00eda n\u00f3rdica.<\/p>\n<p>Tanto el coyote como el cuervo se vinculan con la noche, el momento de lo oculto y de lo que enga\u00f1a a<br \/>\nla vista. Tambi\u00e9n se vinculan con la creaci\u00f3n del mundo y de los hombres, como en la mitolog\u00eda Inuit de<br \/>\nAlaska, donde el cuervo es el creador del mundo o en uno de los mitos de las culturas nativas de Am\u00e9rica<br \/>\ndel Norte, donde el coyote es el creador de los humanos, algo que sucede al patear una bola de barro. Esto<br \/>\nes curiosamente parecido a la mitolog\u00eda cristiana, donde dios con su aliento, con su aire, transforma e insufla<br \/>\nvida al polvo, a la tierra, al barro, creando al primer hombre, Ad\u00e1n.<\/p>\n<p>\u00ab<em>Entonces Jehov\u00e1 Dios form\u00f3 al hombre del polvo de la tierra, y sopl\u00f3 en su nariz aliento de vida, <\/em> <em>y fue<br \/>\n<\/em><em>el hombre un ser viviente<\/em>\u00bb (G\u00e9nesis 2:7)<\/p>\n<p>El trickster puede parecer, especialmente desde la cultura de los dioses del desierto, los dioses de la rama judaica,<br \/>\ndonde solo hay uno, un ser maligno, que rompe la norma y lo que debe ser, pero ah\u00ed reside precisamente su fuerza.<br \/>\nEs el que altera el orden, el que trae el caos y por lo tanto la novedad y el conocimiento desde el conflicto, desde lo<br \/>\ndesconocido. Elementos que son necesarios para la transformaci\u00f3n de lo anterior, de lo viejo. Es un rupturista de lo<br \/>\nest\u00e1tico y de lo anticuado.<\/p>\n<p>En el suelo podemos observar una pluma y un diamante. La pluma representa el elemento aire, tiene<br \/>\nque ver con lo espiritual y lo liviano. El diamante se vincula con el Self (el s\u00ed mismo), la iluminaci\u00f3n y la<br \/>\ncompletitud espiritual.<\/p>\n<p>&nbsp;<\/p>\n<p>&nbsp;<\/p>\n<p><span style=\"font-weight: 400;\">With each acquisition you help me continue creating art independently.<\/span><\/p>\n<p><span style=\"font-weight: 400;\">\u00a1As\u00ed que much\u00edsimas gracias por apoyar mi trabajo!<\/span><\/p>\n<p>&nbsp;<\/p>\n<p><strong>Medidas:<\/strong><\/p>\n<table cellpadding=\"5\">\n<tbody>\n<tr>\n<td><\/td>\n<td><strong>S<\/strong><\/td>\n<td><strong>M<\/strong><\/td>\n<td><strong>L<\/strong><\/td>\n<td><strong>XL<\/strong><\/td>\n<\/tr>\n<tr>\n<td><strong>Longitud (cm)<\/strong><\/td>\n<td>71<\/td>\n<td>74<\/td>\n<td>77<\/td>\n<td>79<\/td>\n<\/tr>\n<tr>\n<td><strong>Anchura (cm)<\/strong><\/td>\n<td>46<\/td>\n<td>51<\/td>\n<td>56<\/td>\n<td>61<\/td>\n<\/tr>\n<\/tbody>\n<\/table>\n<p>&nbsp;<\/p>","protected":false},"excerpt":{"rendered":"<p>&nbsp; Caracter\u00edsticas: &#8211; Unisex. &#8211; Impresi\u00f3n de alta durabilidad y muy detallista. &#8211; La tela es 100% algod\u00f3n, de tacto suave y gran calidad. &#8211; Pespunte doble en el cuello y las mangas, que le a\u00f1ade mayor consistencia. &#8211; Tapacosturas reforzado en hombros y cuello. &#8211; Ya est\u00e1 preencogida, as\u00ed que puedes lavarla con normalidad [&hellip;]<\/p>\n","protected":false},"featured_media":7502,"template":"","meta":{"_et_pb_use_builder":"off","_et_pb_old_content":"\u00a0\r\n\r\n<strong>Caracter\u00edsticas:<\/strong>\r\n\r\n<span style=\"font-weight: 400\">- Unisex.<\/span>\r\n\r\n<span style=\"font-weight: 400\">- Impresi\u00f3n de alta durabilidad y muy detallista.<\/span>\r\n\r\n<span style=\"font-weight: 400\">- La tela es 100% algod\u00f3n, de tacto suave y gran calidad.<\/span>\r\n\r\n<span style=\"font-weight: 400\">- Pespunte doble en el cuello y las mangas, que le a\u00f1ade mayor consistencia.<\/span>\r\n\r\n<span style=\"font-weight: 400\">- Tapacosturas reforzado en hombros y cuello.<\/span>\r\n\r\n<span style=\"font-weight: 400\">- Ya est\u00e1 preencogida, as\u00ed que puedes lavarla con normalidad desde el primer d\u00eda.<\/span>\r\n\r\n<span style=\"font-weight: 400\">\u00a0<\/span>\r\n\r\n\u00a0\r\n\r\n<strong>Significado de la obra:<\/strong>\r\n\r\n<span style=\"font-weight: 400\">T\u00edtulo: <\/span><span style=\"font-weight: 400\">Nocturnal<\/span>\r\n\r\n\u00a0\r\n\r\n<span style=\"font-weight: 400\">Significado:<\/span>\r\n\r\nEn la escena vemos dos animales, un coyote y un cuervo, ambos representan el arquetipo del\r\n\r\ntrickster, el arquetipo del dios bromista, burl\u00f3n, el que enga\u00f1a al h\u00e9roe o al dios normativo,\r\n\r\nsalt\u00e1ndose las reglas establecidas o convencionales, tiene que ver con el simbolismo del diablo,\r\n\r\nel cuervo, el coyote, la serpiente, el conejo... Son animales vinculados a este tipo de mitos, un\r\n\r\nfamoso ejemplo de este tipo de personalidad ser\u00eda el dios Loki de la mitolog\u00eda n\u00f3rdica.\r\n\r\n\u00a0\r\n\r\nTanto el coyote como el cuervo se vinculan con la noche, el momento de lo oculto y de lo que\r\n\r\nenga\u00f1a a la vista. Tambi\u00e9n se vinculan curiosamente con la creaci\u00f3n del mundo y de los hombres,\r\n\r\ncomo en la mitolog\u00eda Inuit de Alaska donde el cuervo es el creador del mundo o en uno de los\r\n\r\nmitos de culturas nativas de Am\u00e9rica del Norte, donde el Coyote es el creador de los humanos al\r\n\r\npatear una bola de barro, algo curiosamente parecido a la mitolog\u00eda cristiana, donde dios con su\r\n\r\naliento, con su aire, transforma e insufla vida al barro creando al primer hombre. Ad\u00e1n.\r\n\r\n\u00a0\r\n\r\n\"<em>Entonces Jehov\u00e1 Dios form\u00f3 al hombre del polvo de la tierra, y sopl\u00f3 en su nariz aliento de vida, <\/em>\r\n\r\n<em>y fue el hombre un ser viviente<\/em>\" (G\u00e9nesis 2:7)\r\n\r\n\u00a0\r\n\r\nEl trickster puede parecer, especialmente desde la cultura cristiana, un ser maligno, que rompe lo\r\n\r\nestablecido, la norma y lo que debe ser, pero ah\u00ed reside precisamente su fuerza, es el que rompe\r\n\r\nel orden, el que trae el caos y por lo tanto la novedad y el nuevo conocimiento desde el desorden,\r\n\r\ndesde lo desconocido, pero estos elementos son necesarios para la transformaci\u00f3n de lo que est\u00e1\r\n\r\nestablecido, es un rupturista de lo est\u00e1tico y de lo anticuado.\r\n\r\n\u00a0\r\n\r\nEn el suelo podemos observar una pluma y un diamante. La pluma representa el elemento aire,\r\n\r\ntiene que ver con lo espiritual y lo liviano. El diamante se vincula con el self, la iluminaci\u00f3n y la\r\n\r\ncompletitud espiritual.\r\n\r\n\u00a0\r\n\r\n\u00a0\r\n\r\n<span style=\"font-weight: 400\">Con cada adquisici\u00f3n me ayudas a seguir creando arte de forma independiente.<\/span>\r\n\r\n<span style=\"font-weight: 400\">\u00a1As\u00ed que much\u00edsimas gracias por apoyar mi trabajo!<\/span>\r\n\r\n\u00a0\r\n\r\n\u00a0\r\n\r\n<strong>Medidas:<\/strong>\r\n\r\n\u00a0\r\n<table cellpadding=\"5\">\r\n<tbody>\r\n<tr>\r\n<td><\/td>\r\n<td><strong>S<\/strong><\/td>\r\n<td><strong>M<\/strong><\/td>\r\n<td><strong>L<\/strong><\/td>\r\n<td><strong>XL<\/strong><\/td>\r\n<\/tr>\r\n<tr>\r\n<td><strong>Longitud (cm)<\/strong><\/td>\r\n<td>71<\/td>\r\n<td>74<\/td>\r\n<td>77<\/td>\r\n<td>79<\/td>\r\n<\/tr>\r\n<tr>\r\n<td><strong>Anchura (cm)<\/strong><\/td>\r\n<td>46<\/td>\r\n<td>51<\/td>\r\n<td>56<\/td>\r\n<td>61<\/td>\r\n<\/tr>\r\n<\/tbody>\r\n<\/table>\r\n\u00a0","_et_gb_content_width":""},"product_brand":[],"product_cat":[75,83],"product_tag":[],"class_list":{"0":"post-7494","1":"product","2":"type-product","3":"status-publish","4":"has-post-thumbnail","6":"product_cat-camisetas","7":"product_cat-moda","9":"first","10":"instock","11":"taxable","12":"shipping-taxable","13":"purchasable","14":"product-type-variable","15":"has-default-attributes"},"yoast_head":"<!-- This site is optimized with the Yoast SEO plugin v27.2 - https:\/\/yoast.com\/product\/yoast-seo-wordpress\/ -->\n<title>Nocturnal - Camiseta - Blanca de la Torre<\/title>\n<meta name=\"robots\" content=\"index, follow, max-snippet:-1, max-image-preview:large, max-video-preview:-1\" \/>\n<link rel=\"canonical\" href=\"https:\/\/blancadelatorre.com\/english\/tienda\/nocturnal-camiseta\/\" \/>\n<meta property=\"og:locale\" content=\"en_GB\" \/>\n<meta property=\"og:type\" content=\"article\" \/>\n<meta property=\"og:title\" content=\"Nocturnal - Camiseta - Blanca de la Torre\" \/>\n<meta property=\"og:description\" content=\"&nbsp; Caracter\u00edsticas: &#8211; Unisex. &#8211; Impresi\u00f3n de alta durabilidad y muy detallista. &#8211; La tela es 100% algod\u00f3n, de tacto suave y gran calidad. &#8211; Pespunte doble en el cuello y las mangas, que le a\u00f1ade mayor consistencia. &#8211; Tapacosturas reforzado en hombros y cuello. &#8211; Ya est\u00e1 preencogida, as\u00ed que puedes lavarla con normalidad [&hellip;]\" \/>\n<meta property=\"og:url\" content=\"https:\/\/blancadelatorre.com\/english\/tienda\/nocturnal-camiseta\/\" \/>\n<meta property=\"og:site_name\" content=\"Blanca de la Torre\" \/>\n<meta property=\"article:modified_time\" content=\"2021-01-31T01:24:55+00:00\" \/>\n<meta property=\"og:image\" content=\"https:\/\/blancadelatorre.com\/wp-content\/uploads\/2019\/12\/mockup-09baf4be.png\" \/>\n\t<meta property=\"og:image:width\" content=\"1000\" \/>\n\t<meta property=\"og:image:height\" content=\"1000\" \/>\n\t<meta property=\"og:image:type\" content=\"image\/png\" \/>\n<meta name=\"twitter:card\" content=\"summary_large_image\" \/>\n<meta name=\"twitter:site\" content=\"@delaTorreArt\" \/>\n<meta name=\"twitter:label1\" content=\"Estimated reading time\" \/>\n\t<meta name=\"twitter:data1\" content=\"2 minutes\" \/>\n<script type=\"application\/ld+json\" class=\"yoast-schema-graph\">{\"@context\":\"https:\/\/schema.org\",\"@graph\":[{\"@type\":\"WebPage\",\"@id\":\"https:\/\/blancadelatorre.com\/tienda\/nocturnal-camiseta\/\",\"url\":\"https:\/\/blancadelatorre.com\/tienda\/nocturnal-camiseta\/\",\"name\":\"Nocturnal - Camiseta - Blanca de la Torre\",\"isPartOf\":{\"@id\":\"https:\/\/blancadelatorre.com\/#website\"},\"primaryImageOfPage\":{\"@id\":\"https:\/\/blancadelatorre.com\/tienda\/nocturnal-camiseta\/#primaryimage\"},\"image\":{\"@id\":\"https:\/\/blancadelatorre.com\/tienda\/nocturnal-camiseta\/#primaryimage\"},\"thumbnailUrl\":\"https:\/\/blancadelatorre.com\/wp-content\/uploads\/2019\/12\/mockup-09baf4be.png\",\"datePublished\":\"2019-12-03T11:20:24+00:00\",\"dateModified\":\"2021-01-31T01:24:55+00:00\",\"breadcrumb\":{\"@id\":\"https:\/\/blancadelatorre.com\/tienda\/nocturnal-camiseta\/#breadcrumb\"},\"inLanguage\":\"en-GB\",\"potentialAction\":[{\"@type\":\"ReadAction\",\"target\":[\"https:\/\/blancadelatorre.com\/tienda\/nocturnal-camiseta\/\"]}]},{\"@type\":\"ImageObject\",\"inLanguage\":\"en-GB\",\"@id\":\"https:\/\/blancadelatorre.com\/tienda\/nocturnal-camiseta\/#primaryimage\",\"url\":\"https:\/\/blancadelatorre.com\/wp-content\/uploads\/2019\/12\/mockup-09baf4be.png\",\"contentUrl\":\"https:\/\/blancadelatorre.com\/wp-content\/uploads\/2019\/12\/mockup-09baf4be.png\",\"width\":1000,\"height\":1000},{\"@type\":\"BreadcrumbList\",\"@id\":\"https:\/\/blancadelatorre.com\/tienda\/nocturnal-camiseta\/#breadcrumb\",\"itemListElement\":[{\"@type\":\"ListItem\",\"position\":1,\"name\":\"Portada\",\"item\":\"https:\/\/blancadelatorre.com\/\"},{\"@type\":\"ListItem\",\"position\":2,\"name\":\"Tienda\",\"item\":\"https:\/\/blancadelatorre.com\/?page_id=592\"},{\"@type\":\"ListItem\",\"position\":3,\"name\":\"Nocturnal &#8211; Camiseta\"}]},{\"@type\":\"WebSite\",\"@id\":\"https:\/\/blancadelatorre.com\/#website\",\"url\":\"https:\/\/blancadelatorre.com\/\",\"name\":\"Blanca de la Torre\",\"description\":\"Artista visual: Pintura, ilustraci\u00f3n &amp; street art.\",\"publisher\":{\"@id\":\"https:\/\/blancadelatorre.com\/#\/schema\/person\/0566882b85a416c14a46137dc4c21573\"},\"potentialAction\":[{\"@type\":\"SearchAction\",\"target\":{\"@type\":\"EntryPoint\",\"urlTemplate\":\"https:\/\/blancadelatorre.com\/?s={search_term_string}\"},\"query-input\":{\"@type\":\"PropertyValueSpecification\",\"valueRequired\":true,\"valueName\":\"search_term_string\"}}],\"inLanguage\":\"en-GB\"},{\"@type\":[\"Person\",\"Organization\"],\"@id\":\"https:\/\/blancadelatorre.com\/#\/schema\/person\/0566882b85a416c14a46137dc4c21573\",\"name\":\"Blanca de la Torre\",\"logo\":{\"@id\":\"https:\/\/blancadelatorre.com\/#\/schema\/person\/image\/\"}}]}<\/script>\n<!-- \/ Yoast SEO plugin. -->","yoast_head_json":{"title":"Nocturnal - Camiseta - Blanca de la Torre","robots":{"index":"index","follow":"follow","max-snippet":"max-snippet:-1","max-image-preview":"max-image-preview:large","max-video-preview":"max-video-preview:-1"},"canonical":"https:\/\/blancadelatorre.com\/english\/tienda\/nocturnal-camiseta\/","og_locale":"en_GB","og_type":"article","og_title":"Nocturnal - Camiseta - Blanca de la Torre","og_description":"&nbsp; Caracter\u00edsticas: &#8211; Unisex. &#8211; Impresi\u00f3n de alta durabilidad y muy detallista. &#8211; La tela es 100% algod\u00f3n, de tacto suave y gran calidad. &#8211; Pespunte doble en el cuello y las mangas, que le a\u00f1ade mayor consistencia. &#8211; Tapacosturas reforzado en hombros y cuello. &#8211; Ya est\u00e1 preencogida, as\u00ed que puedes lavarla con normalidad [&hellip;]","og_url":"https:\/\/blancadelatorre.com\/english\/tienda\/nocturnal-camiseta\/","og_site_name":"Blanca de la Torre","article_modified_time":"2021-01-31T01:24:55+00:00","og_image":[{"width":1000,"height":1000,"url":"https:\/\/blancadelatorre.com\/wp-content\/uploads\/2019\/12\/mockup-09baf4be.png","type":"image\/png"}],"twitter_card":"summary_large_image","twitter_site":"@delaTorreArt","twitter_misc":{"Estimated reading time":"2 minutes"},"schema":{"@context":"https:\/\/schema.org","@graph":[{"@type":"WebPage","@id":"https:\/\/blancadelatorre.com\/tienda\/nocturnal-camiseta\/","url":"https:\/\/blancadelatorre.com\/tienda\/nocturnal-camiseta\/","name":"Nocturnal - Camiseta - Blanca de la Torre","isPartOf":{"@id":"https:\/\/blancadelatorre.com\/#website"},"primaryImageOfPage":{"@id":"https:\/\/blancadelatorre.com\/tienda\/nocturnal-camiseta\/#primaryimage"},"image":{"@id":"https:\/\/blancadelatorre.com\/tienda\/nocturnal-camiseta\/#primaryimage"},"thumbnailUrl":"https:\/\/blancadelatorre.com\/wp-content\/uploads\/2019\/12\/mockup-09baf4be.png","datePublished":"2019-12-03T11:20:24+00:00","dateModified":"2021-01-31T01:24:55+00:00","breadcrumb":{"@id":"https:\/\/blancadelatorre.com\/tienda\/nocturnal-camiseta\/#breadcrumb"},"inLanguage":"en-GB","potentialAction":[{"@type":"ReadAction","target":["https:\/\/blancadelatorre.com\/tienda\/nocturnal-camiseta\/"]}]},{"@type":"ImageObject","inLanguage":"en-GB","@id":"https:\/\/blancadelatorre.com\/tienda\/nocturnal-camiseta\/#primaryimage","url":"https:\/\/blancadelatorre.com\/wp-content\/uploads\/2019\/12\/mockup-09baf4be.png","contentUrl":"https:\/\/blancadelatorre.com\/wp-content\/uploads\/2019\/12\/mockup-09baf4be.png","width":1000,"height":1000},{"@type":"BreadcrumbList","@id":"https:\/\/blancadelatorre.com\/tienda\/nocturnal-camiseta\/#breadcrumb","itemListElement":[{"@type":"ListItem","position":1,"name":"Portada","item":"https:\/\/blancadelatorre.com\/"},{"@type":"ListItem","position":2,"name":"Tienda","item":"https:\/\/blancadelatorre.com\/?page_id=592"},{"@type":"ListItem","position":3,"name":"Nocturnal &#8211; Camiseta"}]},{"@type":"WebSite","@id":"https:\/\/blancadelatorre.com\/#website","url":"https:\/\/blancadelatorre.com\/","name":"Blanca de la Torre","description":"Artista visual: Pintura, ilustraci\u00f3n &amp; street art.","publisher":{"@id":"https:\/\/blancadelatorre.com\/#\/schema\/person\/0566882b85a416c14a46137dc4c21573"},"potentialAction":[{"@type":"SearchAction","target":{"@type":"EntryPoint","urlTemplate":"https:\/\/blancadelatorre.com\/?s={search_term_string}"},"query-input":{"@type":"PropertyValueSpecification","valueRequired":true,"valueName":"search_term_string"}}],"inLanguage":"en-GB"},{"@type":["Person","Organization"],"@id":"https:\/\/blancadelatorre.com\/#\/schema\/person\/0566882b85a416c14a46137dc4c21573","name":"Blanca de la Torre","logo":{"@id":"https:\/\/blancadelatorre.com\/#\/schema\/person\/image\/"}}]}},"_links":{"self":[{"href":"https:\/\/blancadelatorre.com\/english\/wp-json\/wp\/v2\/product\/7494","targetHints":{"allow":["GET"]}}],"collection":[{"href":"https:\/\/blancadelatorre.com\/english\/wp-json\/wp\/v2\/product"}],"about":[{"href":"https:\/\/blancadelatorre.com\/english\/wp-json\/wp\/v2\/types\/product"}],"wp:featuredmedia":[{"embeddable":true,"href":"https:\/\/blancadelatorre.com\/english\/wp-json\/wp\/v2\/media\/7502"}],"wp:attachment":[{"href":"https:\/\/blancadelatorre.com\/english\/wp-json\/wp\/v2\/media?parent=7494"}],"wp:term":[{"taxonomy":"product_brand","embeddable":true,"href":"https:\/\/blancadelatorre.com\/english\/wp-json\/wp\/v2\/product_brand?post=7494"},{"taxonomy":"product_cat","embeddable":true,"href":"https:\/\/blancadelatorre.com\/english\/wp-json\/wp\/v2\/product_cat?post=7494"},{"taxonomy":"product_tag","embeddable":true,"href":"https:\/\/blancadelatorre.com\/english\/wp-json\/wp\/v2\/product_tag?post=7494"}],"curies":[{"name":"wp","href":"https:\/\/api.w.org\/{rel}","templated":true}]}}