{"id":8388,"date":"2020-06-08T11:22:00","date_gmt":"2020-06-08T11:22:00","guid":{"rendered":"https:\/\/blancadelatorre.com\/tienda\/cosmic-walker-camiseta\/"},"modified":"2021-03-19T20:25:42","modified_gmt":"2021-03-19T20:25:42","slug":"cosmic-walker-camiseta","status":"publish","type":"product","link":"https:\/\/blancadelatorre.com\/english\/tienda\/cosmic-walker-camiseta\/","title":{"rendered":"Cosmic Walker &#8211; Camiseta"},"content":{"rendered":"<p>&nbsp;<\/p>\n<p><strong>Caracter\u00edsticas:<\/strong><\/p>\n<p><span style=\"font-weight: 400;\">&#8211; Unisex.<\/span><\/p>\n<p><span style=\"font-weight: 400;\">&#8211; Impresi\u00f3n de alta durabilidad y muy detallista.<\/span><\/p>\n<p><span style=\"font-weight: 400;\">&#8211; La tela es 100% algod\u00f3n, de tacto suave y gran calidad.<\/span><\/p>\n<p><span style=\"font-weight: 400;\">&#8211; Pespunte doble en el cuello y las mangas, que le a\u00f1ade mayor consistencia.<\/span><\/p>\n<p><span style=\"font-weight: 400;\">&#8211; Tapacosturas reforzado en hombros y cuello.<\/span><\/p>\n<p><span style=\"font-weight: 400;\">&#8211; Ya est\u00e1 preencogida, as\u00ed que puedes lavarla con normalidad desde el primer d\u00eda.<\/span><\/p>\n<p><span style=\"font-weight: 400;\">\u00a0<\/span><\/p>\n<p>&nbsp;<\/p>\n<p><strong>Sobre la obra:<\/strong><\/p>\n<p><span style=\"font-weight: 400;\">T\u00edtulo: Cosmic Walker.<\/span><\/p>\n<p>&nbsp;<\/p>\n<p>Significado:<\/p>\n<p>Caminan y viajan por el gusto de conocer. Todos tenemos un camino que andamos y<br \/>\nque no sabemos qu\u00e9 deparar\u00e1 m\u00e1s adelante. La vida, la curiosidad y el instinto nos<br \/>\nempuja a avanzar, a explorar el mundo y a autoconocernos.<\/p>\n<p>Ella va desnuda, tal cual llego al mundo, pues nada oculta. Se mira de forma sincera,<br \/>\nsabiendo que es parte del cosmos, con sus virtudes y sus defectos, as\u00ed que mentirse no<br \/>\nservir\u00eda de nada. Es el ojo interno, el sin nombre, con el que mide su existencia, su Self,<br \/>\npues ella est\u00e1 hecha de estrellas, de constelaciones y de carne.<\/p>\n<p>Como toda persona tiene sus propias sombras, sus rincones ocultos que ha de conocer,<br \/>\naceptar y transformar. Esto se muestra simbolizado por el drag\u00f3n que la acompa\u00f1a.<\/p>\n<p>Ella est\u00e1 de espaldas pero est\u00e1 ligada a su criatura interna con una cuerda. Parece d\u00f3cil,<br \/>\ncasi como si se tratara de una mascota, pero no lo es, es el conflicto interno, la madre<br \/>\ndevoradora que hay que vencer para que se transmute en su animal espiritual.<\/p>\n<p>El concepto de la madre devoradora normalmente es malentendido y se vincula con la<br \/>\nmadre f\u00edsica, con nuestra madre, pero esto no es necesariamente as\u00ed, sino que tiene que<br \/>\nver con la superaci\u00f3n de uno mismo, con el enfrentarse a los miedos y los retos.<\/p>\n<p>La madre devoradora simboliza el no enfrentamiento, el vientre materno, lo seguro y donde<br \/>\nse est\u00e1 protegido. Al quedarte en lo conocido, en el \u00ab\u00fatero\u00bb, evitas tener que hacer frente al<br \/>\ndrag\u00f3n y, por lo tanto, al conflicto.<\/p>\n<p>El h\u00e9roe, suele ser una persona de origen humilde y normal que es capaz de enfrentarse<br \/>\na sus problemas, a su monstruo interno y matarlo, pasando a trav\u00e9s de este rito a una fase<br \/>\nespiritual m\u00e1s profunda, donde ya no es perseguido ni amenazado por su propia bestia<br \/>\ninterior.<\/p>\n<p>Es como Bilbo, en El Hobbit, el libro de J.R.R. Tolkien, que decide salir de su agujero Hobbit,<br \/>\nde la comarca y termina enfrent\u00e1ndose a Smaug. Algo muy contrario a la tradici\u00f3n Hobbit,<br \/>\nque suele ser un pueblo tranquilo, m\u00e1s vinculado con el arquetipo del vientre materno, de la<br \/>\nmadriguera, el agujero Hobbit con sus puertas redondas, equivalente al arquetipo C\u00e1ncer del<br \/>\nhor\u00f3scopo occidental.<\/p>\n<p>Los Hobbits son un arquetipo que refleja el crecer protegido, un espacio seguro donde poder<br \/>\ndesarrollarse sin sobresaltos y gestar elementos alejados de los peligros externos. Un sabio<br \/>\nque se queda a\u00f1os estudiando en una biblioteca, tendr\u00eda resonancia con este tipo de<br \/>\nsimbolog\u00eda, pero no es el caso de Bilbo, \u00e9l es el h\u00e9roe, el que se enfrenta al drag\u00f3n, pues<br \/>\nsupera la comodidad y seguridad de su casa y su regi\u00f3n, para vivir experiencias alejadas de<br \/>\nsu mundo conocido, aprendiendo de las nuevas situaciones que se encuentra en el camino,<br \/>\nalgo que, al finalizar su aventura, se refleja volviendo a la comarca sinti\u00e9ndose m\u00e1s sabio y<br \/>\nhabiendo crecido tanto a nivel interno como externo. Interiormente por haber completado su<br \/>\naventura y matado al drag\u00f3n ayudando al pueblo enano y exteriormente simbolizado por los<br \/>\ntesoros conseguidos, anteriormente guardados por el drag\u00f3n Smaug. Con estos tesoros,<br \/>\nvuelve a su hogar, causando el asombro del resto de Hobbits, acostumbrados a la rutina, a<br \/>\nlo habitual, donde no existe el conflicto.<\/p>\n<p>Lo que se ve en la escena es una persona empezando ese viaje, lleva una lanza, un s\u00edmbolo<br \/>\nmasculino usado por muchas diosas, como si se tratara de un ying yang de los opuestos<br \/>\nsexuales, y casi sin saber, su compa\u00f1ero y su monstruo interior esta justo detr\u00e1s,<br \/>\nacompa\u00f1\u00e1ndola, tan cerca que ni siquiera lo reconoce como enemigo, pues no lo es, es un<br \/>\nmaestro, una parte de s\u00ed misma que ha de ser transformada en su animal compa\u00f1ero y gu\u00eda,<br \/>\nen su instinto, que la ayude a conocerse y, por lo tanto, tambi\u00e9n a los dem\u00e1s y al cosmos, pues<br \/>\nes su compa\u00f1ero y a la vez su bestia, es ella.<\/p>\n<p>&nbsp;<\/p>\n<p>&nbsp;<\/p>\n<p><span style=\"font-weight: 400;\">With each acquisition you help me continue creating art independently.<\/span><\/p>\n<p><span style=\"font-weight: 400;\">\u00a1As\u00ed que much\u00edsimas gracias por apoyar mi trabajo!<\/span><\/p>\n<p>&nbsp;<\/p>\n<p>&nbsp;<\/p>\n<p><strong>Medidas:<\/strong><\/p>\n<table cellpadding=\"5\">\n<tbody>\n<tr>\n<td><\/td>\n<td><strong>S<\/strong><\/td>\n<td><strong>M<\/strong><\/td>\n<td><strong>L<\/strong><\/td>\n<td><strong>XL<\/strong><\/td>\n<\/tr>\n<tr>\n<td><strong>Longitud (cm)<\/strong><\/td>\n<td>71<\/td>\n<td>74<\/td>\n<td>77<\/td>\n<td>79<\/td>\n<\/tr>\n<tr>\n<td><strong>Anchura (cm)<\/strong><\/td>\n<td>46<\/td>\n<td>51<\/td>\n<td>56<\/td>\n<td>61<\/td>\n<\/tr>\n<\/tbody>\n<\/table>\n<p>&nbsp;<\/p>","protected":false},"excerpt":{"rendered":"<p>&nbsp; Caracter\u00edsticas: &#8211; Unisex. &#8211; Impresi\u00f3n de alta durabilidad y muy detallista. &#8211; La tela es 100% algod\u00f3n, de tacto suave y gran calidad. &#8211; Pespunte doble en el cuello y las mangas, que le a\u00f1ade mayor consistencia. &#8211; Tapacosturas reforzado en hombros y cuello. &#8211; Ya est\u00e1 preencogida, as\u00ed que puedes lavarla con normalidad [&hellip;]<\/p>\n","protected":false},"featured_media":8393,"template":"","meta":{"_et_pb_use_builder":"","_et_pb_old_content":"","_et_gb_content_width":""},"product_brand":[],"product_cat":[75,83],"product_tag":[],"class_list":{"0":"post-8388","1":"product","2":"type-product","3":"status-publish","4":"has-post-thumbnail","6":"product_cat-camisetas","7":"product_cat-moda","9":"first","10":"instock","11":"taxable","12":"shipping-taxable","13":"purchasable","14":"product-type-variable","15":"has-default-attributes"},"yoast_head":"<!-- This site is optimized with the Yoast SEO plugin v27.2 - https:\/\/yoast.com\/product\/yoast-seo-wordpress\/ -->\n<title>Cosmic Walker - Camiseta - Blanca de la Torre<\/title>\n<meta name=\"robots\" content=\"index, follow, max-snippet:-1, max-image-preview:large, max-video-preview:-1\" \/>\n<link rel=\"canonical\" href=\"https:\/\/blancadelatorre.com\/english\/tienda\/cosmic-walker-camiseta\/\" \/>\n<meta property=\"og:locale\" content=\"en_GB\" \/>\n<meta property=\"og:type\" content=\"article\" \/>\n<meta property=\"og:title\" content=\"Cosmic Walker - Camiseta - Blanca de la Torre\" \/>\n<meta property=\"og:description\" content=\"&nbsp; Caracter\u00edsticas: &#8211; Unisex. &#8211; Impresi\u00f3n de alta durabilidad y muy detallista. &#8211; La tela es 100% algod\u00f3n, de tacto suave y gran calidad. &#8211; Pespunte doble en el cuello y las mangas, que le a\u00f1ade mayor consistencia. &#8211; Tapacosturas reforzado en hombros y cuello. &#8211; Ya est\u00e1 preencogida, as\u00ed que puedes lavarla con normalidad [&hellip;]\" \/>\n<meta property=\"og:url\" content=\"https:\/\/blancadelatorre.com\/english\/tienda\/cosmic-walker-camiseta\/\" \/>\n<meta property=\"og:site_name\" content=\"Blanca de la Torre\" \/>\n<meta property=\"article:modified_time\" content=\"2021-03-19T20:25:42+00:00\" \/>\n<meta property=\"og:image\" content=\"https:\/\/blancadelatorre.com\/wp-content\/uploads\/2020\/06\/mockup-ba956f5b.png\" \/>\n\t<meta property=\"og:image:width\" content=\"1000\" \/>\n\t<meta property=\"og:image:height\" content=\"1000\" \/>\n\t<meta property=\"og:image:type\" content=\"image\/png\" \/>\n<meta name=\"twitter:card\" content=\"summary_large_image\" \/>\n<meta name=\"twitter:site\" content=\"@delaTorreArt\" \/>\n<meta name=\"twitter:label1\" content=\"Estimated reading time\" \/>\n\t<meta name=\"twitter:data1\" content=\"4 minutes\" \/>\n<script type=\"application\/ld+json\" class=\"yoast-schema-graph\">{\"@context\":\"https:\/\/schema.org\",\"@graph\":[{\"@type\":\"WebPage\",\"@id\":\"https:\/\/blancadelatorre.com\/tienda\/cosmic-walker-camiseta\/\",\"url\":\"https:\/\/blancadelatorre.com\/tienda\/cosmic-walker-camiseta\/\",\"name\":\"Cosmic Walker - Camiseta - Blanca de la Torre\",\"isPartOf\":{\"@id\":\"https:\/\/blancadelatorre.com\/#website\"},\"primaryImageOfPage\":{\"@id\":\"https:\/\/blancadelatorre.com\/tienda\/cosmic-walker-camiseta\/#primaryimage\"},\"image\":{\"@id\":\"https:\/\/blancadelatorre.com\/tienda\/cosmic-walker-camiseta\/#primaryimage\"},\"thumbnailUrl\":\"https:\/\/blancadelatorre.com\/wp-content\/uploads\/2020\/06\/mockup-ba956f5b.png\",\"datePublished\":\"2020-06-08T11:22:00+00:00\",\"dateModified\":\"2021-03-19T20:25:42+00:00\",\"breadcrumb\":{\"@id\":\"https:\/\/blancadelatorre.com\/tienda\/cosmic-walker-camiseta\/#breadcrumb\"},\"inLanguage\":\"en-GB\",\"potentialAction\":[{\"@type\":\"ReadAction\",\"target\":[\"https:\/\/blancadelatorre.com\/tienda\/cosmic-walker-camiseta\/\"]}]},{\"@type\":\"ImageObject\",\"inLanguage\":\"en-GB\",\"@id\":\"https:\/\/blancadelatorre.com\/tienda\/cosmic-walker-camiseta\/#primaryimage\",\"url\":\"https:\/\/blancadelatorre.com\/wp-content\/uploads\/2020\/06\/mockup-ba956f5b.png\",\"contentUrl\":\"https:\/\/blancadelatorre.com\/wp-content\/uploads\/2020\/06\/mockup-ba956f5b.png\",\"width\":1000,\"height\":1000},{\"@type\":\"BreadcrumbList\",\"@id\":\"https:\/\/blancadelatorre.com\/tienda\/cosmic-walker-camiseta\/#breadcrumb\",\"itemListElement\":[{\"@type\":\"ListItem\",\"position\":1,\"name\":\"Portada\",\"item\":\"https:\/\/blancadelatorre.com\/\"},{\"@type\":\"ListItem\",\"position\":2,\"name\":\"Tienda\",\"item\":\"https:\/\/blancadelatorre.com\/?page_id=592\"},{\"@type\":\"ListItem\",\"position\":3,\"name\":\"Cosmic Walker &#8211; Camiseta\"}]},{\"@type\":\"WebSite\",\"@id\":\"https:\/\/blancadelatorre.com\/#website\",\"url\":\"https:\/\/blancadelatorre.com\/\",\"name\":\"Blanca de la Torre\",\"description\":\"Artista visual: Pintura, ilustraci\u00f3n &amp; street art.\",\"publisher\":{\"@id\":\"https:\/\/blancadelatorre.com\/#\/schema\/person\/0566882b85a416c14a46137dc4c21573\"},\"potentialAction\":[{\"@type\":\"SearchAction\",\"target\":{\"@type\":\"EntryPoint\",\"urlTemplate\":\"https:\/\/blancadelatorre.com\/?s={search_term_string}\"},\"query-input\":{\"@type\":\"PropertyValueSpecification\",\"valueRequired\":true,\"valueName\":\"search_term_string\"}}],\"inLanguage\":\"en-GB\"},{\"@type\":[\"Person\",\"Organization\"],\"@id\":\"https:\/\/blancadelatorre.com\/#\/schema\/person\/0566882b85a416c14a46137dc4c21573\",\"name\":\"Blanca de la Torre\",\"logo\":{\"@id\":\"https:\/\/blancadelatorre.com\/#\/schema\/person\/image\/\"}}]}<\/script>\n<!-- \/ Yoast SEO plugin. -->","yoast_head_json":{"title":"Cosmic Walker - Camiseta - Blanca de la Torre","robots":{"index":"index","follow":"follow","max-snippet":"max-snippet:-1","max-image-preview":"max-image-preview:large","max-video-preview":"max-video-preview:-1"},"canonical":"https:\/\/blancadelatorre.com\/english\/tienda\/cosmic-walker-camiseta\/","og_locale":"en_GB","og_type":"article","og_title":"Cosmic Walker - Camiseta - Blanca de la Torre","og_description":"&nbsp; Caracter\u00edsticas: &#8211; Unisex. &#8211; Impresi\u00f3n de alta durabilidad y muy detallista. &#8211; La tela es 100% algod\u00f3n, de tacto suave y gran calidad. &#8211; Pespunte doble en el cuello y las mangas, que le a\u00f1ade mayor consistencia. &#8211; Tapacosturas reforzado en hombros y cuello. &#8211; Ya est\u00e1 preencogida, as\u00ed que puedes lavarla con normalidad [&hellip;]","og_url":"https:\/\/blancadelatorre.com\/english\/tienda\/cosmic-walker-camiseta\/","og_site_name":"Blanca de la Torre","article_modified_time":"2021-03-19T20:25:42+00:00","og_image":[{"width":1000,"height":1000,"url":"https:\/\/blancadelatorre.com\/wp-content\/uploads\/2020\/06\/mockup-ba956f5b.png","type":"image\/png"}],"twitter_card":"summary_large_image","twitter_site":"@delaTorreArt","twitter_misc":{"Estimated reading time":"4 minutes"},"schema":{"@context":"https:\/\/schema.org","@graph":[{"@type":"WebPage","@id":"https:\/\/blancadelatorre.com\/tienda\/cosmic-walker-camiseta\/","url":"https:\/\/blancadelatorre.com\/tienda\/cosmic-walker-camiseta\/","name":"Cosmic Walker - Camiseta - Blanca de la Torre","isPartOf":{"@id":"https:\/\/blancadelatorre.com\/#website"},"primaryImageOfPage":{"@id":"https:\/\/blancadelatorre.com\/tienda\/cosmic-walker-camiseta\/#primaryimage"},"image":{"@id":"https:\/\/blancadelatorre.com\/tienda\/cosmic-walker-camiseta\/#primaryimage"},"thumbnailUrl":"https:\/\/blancadelatorre.com\/wp-content\/uploads\/2020\/06\/mockup-ba956f5b.png","datePublished":"2020-06-08T11:22:00+00:00","dateModified":"2021-03-19T20:25:42+00:00","breadcrumb":{"@id":"https:\/\/blancadelatorre.com\/tienda\/cosmic-walker-camiseta\/#breadcrumb"},"inLanguage":"en-GB","potentialAction":[{"@type":"ReadAction","target":["https:\/\/blancadelatorre.com\/tienda\/cosmic-walker-camiseta\/"]}]},{"@type":"ImageObject","inLanguage":"en-GB","@id":"https:\/\/blancadelatorre.com\/tienda\/cosmic-walker-camiseta\/#primaryimage","url":"https:\/\/blancadelatorre.com\/wp-content\/uploads\/2020\/06\/mockup-ba956f5b.png","contentUrl":"https:\/\/blancadelatorre.com\/wp-content\/uploads\/2020\/06\/mockup-ba956f5b.png","width":1000,"height":1000},{"@type":"BreadcrumbList","@id":"https:\/\/blancadelatorre.com\/tienda\/cosmic-walker-camiseta\/#breadcrumb","itemListElement":[{"@type":"ListItem","position":1,"name":"Portada","item":"https:\/\/blancadelatorre.com\/"},{"@type":"ListItem","position":2,"name":"Tienda","item":"https:\/\/blancadelatorre.com\/?page_id=592"},{"@type":"ListItem","position":3,"name":"Cosmic Walker &#8211; Camiseta"}]},{"@type":"WebSite","@id":"https:\/\/blancadelatorre.com\/#website","url":"https:\/\/blancadelatorre.com\/","name":"Blanca de la Torre","description":"Artista visual: Pintura, ilustraci\u00f3n &amp; street art.","publisher":{"@id":"https:\/\/blancadelatorre.com\/#\/schema\/person\/0566882b85a416c14a46137dc4c21573"},"potentialAction":[{"@type":"SearchAction","target":{"@type":"EntryPoint","urlTemplate":"https:\/\/blancadelatorre.com\/?s={search_term_string}"},"query-input":{"@type":"PropertyValueSpecification","valueRequired":true,"valueName":"search_term_string"}}],"inLanguage":"en-GB"},{"@type":["Person","Organization"],"@id":"https:\/\/blancadelatorre.com\/#\/schema\/person\/0566882b85a416c14a46137dc4c21573","name":"Blanca de la Torre","logo":{"@id":"https:\/\/blancadelatorre.com\/#\/schema\/person\/image\/"}}]}},"_links":{"self":[{"href":"https:\/\/blancadelatorre.com\/english\/wp-json\/wp\/v2\/product\/8388","targetHints":{"allow":["GET"]}}],"collection":[{"href":"https:\/\/blancadelatorre.com\/english\/wp-json\/wp\/v2\/product"}],"about":[{"href":"https:\/\/blancadelatorre.com\/english\/wp-json\/wp\/v2\/types\/product"}],"wp:featuredmedia":[{"embeddable":true,"href":"https:\/\/blancadelatorre.com\/english\/wp-json\/wp\/v2\/media\/8393"}],"wp:attachment":[{"href":"https:\/\/blancadelatorre.com\/english\/wp-json\/wp\/v2\/media?parent=8388"}],"wp:term":[{"taxonomy":"product_brand","embeddable":true,"href":"https:\/\/blancadelatorre.com\/english\/wp-json\/wp\/v2\/product_brand?post=8388"},{"taxonomy":"product_cat","embeddable":true,"href":"https:\/\/blancadelatorre.com\/english\/wp-json\/wp\/v2\/product_cat?post=8388"},{"taxonomy":"product_tag","embeddable":true,"href":"https:\/\/blancadelatorre.com\/english\/wp-json\/wp\/v2\/product_tag?post=8388"}],"curies":[{"name":"wp","href":"https:\/\/api.w.org\/{rel}","templated":true}]}}